{"id":2097,"date":"2021-11-30T12:01:07","date_gmt":"2021-11-30T15:01:07","guid":{"rendered":"http:\/\/solodimixagv.com.br\/loja\/?post_type=product&#038;p=2097"},"modified":"2025-09-10T09:52:17","modified_gmt":"2025-09-10T12:52:17","slug":"acoplamento-fixo-o-5-victaulic-com-parafuso","status":"publish","type":"product","link":"https:\/\/solodimixagv.com.br\/loja\/produto\/acoplamento-fixo-o-5-victaulic-com-parafuso\/","title":{"rendered":"ACOPLAMENTO FIXO \u00f8 5&#8243; VICTAULIC COM PARAFUSO"},"content":{"rendered":"<p><strong>ACOPLAMENTO FIXO COM PARAFUSO PARA APLICA\u00c7\u00c3O EM TUBOS DE TRANSPORTES E MANGOTES DE CONCRETO.<\/strong><\/p>\n<p>&nbsp;<\/p>\n<p><strong>APLICAR EM TUBOS E MANGOTES DE MEDIDA EXTERNA:<\/strong> 141MM<\/p>\n<p><strong>MATERIAL:<\/strong> A\u00c7O FUNDIDO<\/p>\n","protected":false},"excerpt":{"rendered":"<p>ACOPLAMENTO FIXO COM PARAFUSO PARA APLICA\u00c7\u00c3O EM TUBOS DE TRANSPORTES E MANGOTES DE CONCRETO. &nbsp; APLICAR EM TUBOS E MANGOTES DE MEDIDA EXTERNA: 141MM MATERIAL: A\u00c7O FUNDIDO<\/p>\n","protected":false},"featured_media":2099,"comment_status":"open","ping_status":"closed","template":"","meta":{"_joinchat":[]},"product_cat":[142,129,143,15],"product_tag":[],"_links":{"self":[{"href":"https:\/\/solodimixagv.com.br\/loja\/wp-json\/wp\/v2\/product\/2097"}],"collection":[{"href":"https:\/\/solodimixagv.com.br\/loja\/wp-json\/wp\/v2\/product"}],"about":[{"href":"https:\/\/solodimixagv.com.br\/loja\/wp-json\/wp\/v2\/types\/product"}],"replies":[{"embeddable":true,"href":"https:\/\/solodimixagv.com.br\/loja\/wp-json\/wp\/v2\/comments?post=2097"}],"wp:featuredmedia":[{"embeddable":true,"href":"https:\/\/solodimixagv.com.br\/loja\/wp-json\/wp\/v2\/media\/2099"}],"wp:attachment":[{"href":"https:\/\/solodimixagv.com.br\/loja\/wp-json\/wp\/v2\/media?parent=2097"}],"wp:term":[{"taxonomy":"product_cat","embeddable":true,"href":"https:\/\/solodimixagv.com.br\/loja\/wp-json\/wp\/v2\/product_cat?post=2097"},{"taxonomy":"product_tag","embeddable":true,"href":"https:\/\/solodimixagv.com.br\/loja\/wp-json\/wp\/v2\/product_tag?post=2097"}],"curies":[{"name":"wp","href":"https:\/\/api.w.org\/{rel}","templated":true}]}}