{"id":1655,"date":"2021-10-21T16:57:15","date_gmt":"2021-10-21T19:57:15","guid":{"rendered":"http:\/\/solodimixagv.com.br\/?post_type=product&#038;p=1655"},"modified":"2025-09-10T10:04:59","modified_gmt":"2025-09-10T13:04:59","slug":"visor-de-nivel-com-termometro","status":"publish","type":"product","link":"https:\/\/solodimixagv.com.br\/loja\/produto\/visor-de-nivel-com-termometro\/","title":{"rendered":"VISOR DE N\u00cdVEL COM TERM\u00d4METRO PARA BOMBAS DE CONCRETO"},"content":{"rendered":"<p><strong>VISOR DE N\u00cdVEL COM TERM\u00d4METRO<\/strong><\/p>\n<p><strong>COMPRIMENTO:<\/strong> 160,00MM<\/p>\n<p><strong>APLICA\u00c7\u00c3O:\u00a0 <\/strong>Todos os tipos de bombas de concreto<\/p>\n","protected":false},"excerpt":{"rendered":"<p>VISOR DE N\u00cdVEL COM TERM\u00d4METRO COMPRIMENTO: 160,00MM APLICA\u00c7\u00c3O:\u00a0 Todos os tipos de bombas de concreto<\/p>\n","protected":false},"featured_media":1657,"comment_status":"open","ping_status":"closed","template":"","meta":{"_joinchat":[]},"product_cat":[15,151],"product_tag":[],"_links":{"self":[{"href":"https:\/\/solodimixagv.com.br\/loja\/wp-json\/wp\/v2\/product\/1655"}],"collection":[{"href":"https:\/\/solodimixagv.com.br\/loja\/wp-json\/wp\/v2\/product"}],"about":[{"href":"https:\/\/solodimixagv.com.br\/loja\/wp-json\/wp\/v2\/types\/product"}],"replies":[{"embeddable":true,"href":"https:\/\/solodimixagv.com.br\/loja\/wp-json\/wp\/v2\/comments?post=1655"}],"wp:featuredmedia":[{"embeddable":true,"href":"https:\/\/solodimixagv.com.br\/loja\/wp-json\/wp\/v2\/media\/1657"}],"wp:attachment":[{"href":"https:\/\/solodimixagv.com.br\/loja\/wp-json\/wp\/v2\/media?parent=1655"}],"wp:term":[{"taxonomy":"product_cat","embeddable":true,"href":"https:\/\/solodimixagv.com.br\/loja\/wp-json\/wp\/v2\/product_cat?post=1655"},{"taxonomy":"product_tag","embeddable":true,"href":"https:\/\/solodimixagv.com.br\/loja\/wp-json\/wp\/v2\/product_tag?post=1655"}],"curies":[{"name":"wp","href":"https:\/\/api.w.org\/{rel}","templated":true}]}}