{"id":1648,"date":"2021-10-20T16:07:19","date_gmt":"2021-10-20T19:07:19","guid":{"rendered":"http:\/\/solodimixagv.com.br\/?post_type=product&#038;p=1648"},"modified":"2025-09-10T09:54:13","modified_gmt":"2025-09-10T12:54:13","slug":"placa-de-torque-bomba-serie-ppv23","status":"publish","type":"product","link":"https:\/\/solodimixagv.com.br\/loja\/produto\/placa-de-torque-bomba-serie-ppv23\/","title":{"rendered":"PLACA DE TORQUE BOMBA S\u00c9RIE PPV23"},"content":{"rendered":"<p><strong>PLACA DE TORQUE BOMBA S\u00c9RIE 23<\/strong><\/p>\n<p><strong>APLICA\u00c7\u00c3O:<\/strong> BOMBAS S\u00c9RIE 23<\/p>\n<p id=\"tw-target-text\" class=\"tw-data-text tw-text-large XcVN5d tw-ta\" data-placeholder=\"Tradu\u00e7\u00e3o\"><strong><span class=\"Y2IQFc\" lang=\"pt\">REFER\u00caNCIA<\/span> SAUER DANFOSS: <\/strong>9230235<\/p>\n","protected":false},"excerpt":{"rendered":"<p>PLACA DE TORQUE BOMBA S\u00c9RIE 23 APLICA\u00c7\u00c3O: BOMBAS S\u00c9RIE 23 REFER\u00caNCIA SAUER DANFOSS: 9230235<\/p>\n","protected":false},"featured_media":1652,"comment_status":"open","ping_status":"closed","template":"","meta":{"_joinchat":[]},"product_cat":[141,15],"product_tag":[],"_links":{"self":[{"href":"https:\/\/solodimixagv.com.br\/loja\/wp-json\/wp\/v2\/product\/1648"}],"collection":[{"href":"https:\/\/solodimixagv.com.br\/loja\/wp-json\/wp\/v2\/product"}],"about":[{"href":"https:\/\/solodimixagv.com.br\/loja\/wp-json\/wp\/v2\/types\/product"}],"replies":[{"embeddable":true,"href":"https:\/\/solodimixagv.com.br\/loja\/wp-json\/wp\/v2\/comments?post=1648"}],"wp:featuredmedia":[{"embeddable":true,"href":"https:\/\/solodimixagv.com.br\/loja\/wp-json\/wp\/v2\/media\/1652"}],"wp:attachment":[{"href":"https:\/\/solodimixagv.com.br\/loja\/wp-json\/wp\/v2\/media?parent=1648"}],"wp:term":[{"taxonomy":"product_cat","embeddable":true,"href":"https:\/\/solodimixagv.com.br\/loja\/wp-json\/wp\/v2\/product_cat?post=1648"},{"taxonomy":"product_tag","embeddable":true,"href":"https:\/\/solodimixagv.com.br\/loja\/wp-json\/wp\/v2\/product_tag?post=1648"}],"curies":[{"name":"wp","href":"https:\/\/api.w.org\/{rel}","templated":true}]}}