{"id":1573,"date":"2021-10-13T15:53:44","date_gmt":"2021-10-13T18:53:44","guid":{"rendered":"http:\/\/solodimixagv.com.br\/?post_type=product&#038;p=1573"},"modified":"2025-09-10T09:55:15","modified_gmt":"2025-09-10T12:55:15","slug":"mangote-sanfonado-o-20000-x-80000mm-linha-combate","status":"publish","type":"product","link":"https:\/\/solodimixagv.com.br\/loja\/produto\/mangote-sanfonado-o-20000-x-80000mm-linha-combate\/","title":{"rendered":"MANGOTE SANFONADO \u00f8 200,00 X 800,00MM LINHA COMBATE"},"content":{"rendered":"<p><strong>MANGOTE SANFONADO \u00f8 200,00 X 800,00MM LINHA COMBATE\u00a0<\/strong><\/p>\n<p><strong>APLICA\u00c7\u00c3O: <\/strong><em>USINA DE CONCRETO\u00a0<\/em><\/p>\n<p><strong>ESPECIFICA\u00c7\u00c3O:<\/strong> MANGOTE LINHA DE COMBATE COMPOSTO APENAS DE BORRACHA SEM REFOR\u00c7O<\/p>\n<p><strong>ESTE MANGOTE POSSUI 3MM a 5MM DE PAREDE\u00a0<\/strong><\/p>\n","protected":false},"excerpt":{"rendered":"<p>MANGOTE SANFONADO \u00f8 200,00 X 800,00MM LINHA COMBATE\u00a0 APLICA\u00c7\u00c3O: USINA DE CONCRETO\u00a0 ESPECIFICA\u00c7\u00c3O: MANGOTE LINHA DE COMBATE COMPOSTO APENAS DE BORRACHA SEM REFOR\u00c7O ESTE MANGOTE POSSUI 3MM a 5MM DE PAREDE\u00a0<\/p>\n","protected":false},"featured_media":1598,"comment_status":"open","ping_status":"closed","template":"","meta":{"_joinchat":[]},"product_cat":[147,139,15],"product_tag":[],"_links":{"self":[{"href":"https:\/\/solodimixagv.com.br\/loja\/wp-json\/wp\/v2\/product\/1573"}],"collection":[{"href":"https:\/\/solodimixagv.com.br\/loja\/wp-json\/wp\/v2\/product"}],"about":[{"href":"https:\/\/solodimixagv.com.br\/loja\/wp-json\/wp\/v2\/types\/product"}],"replies":[{"embeddable":true,"href":"https:\/\/solodimixagv.com.br\/loja\/wp-json\/wp\/v2\/comments?post=1573"}],"wp:featuredmedia":[{"embeddable":true,"href":"https:\/\/solodimixagv.com.br\/loja\/wp-json\/wp\/v2\/media\/1598"}],"wp:attachment":[{"href":"https:\/\/solodimixagv.com.br\/loja\/wp-json\/wp\/v2\/media?parent=1573"}],"wp:term":[{"taxonomy":"product_cat","embeddable":true,"href":"https:\/\/solodimixagv.com.br\/loja\/wp-json\/wp\/v2\/product_cat?post=1573"},{"taxonomy":"product_tag","embeddable":true,"href":"https:\/\/solodimixagv.com.br\/loja\/wp-json\/wp\/v2\/product_tag?post=1573"}],"curies":[{"name":"wp","href":"https:\/\/api.w.org\/{rel}","templated":true}]}}