{"id":1520,"date":"2021-10-09T13:25:14","date_gmt":"2021-10-09T16:25:14","guid":{"rendered":"http:\/\/solodimixagv.com.br\/?post_type=product&#038;p=1520"},"modified":"2025-09-10T10:05:17","modified_gmt":"2025-09-10T13:05:17","slug":"placa-de-apoio-em-aco-para-motor-serie-23","status":"publish","type":"product","link":"https:\/\/solodimixagv.com.br\/loja\/produto\/placa-de-apoio-em-aco-para-motor-serie-23\/","title":{"rendered":"PLACA DE APOIO EM A\u00c7O PARA MOTOR S\u00c9RIE 23 BIDIRECIONAL"},"content":{"rendered":"<p><strong>PLACA DE APOIO EM A\u00c7O PARA MOTOR SERIE 23\u00a0<\/strong><\/p>\n<p><strong>REF SAUER DANFOSS:<\/strong>9230562<\/p>\n<p><strong>BIDIRECIONAL DIREITA E ESQUERDA<\/strong><\/p>\n<p>&nbsp;<\/p>\n","protected":false},"excerpt":{"rendered":"<p>PLACA DE APOIO EM A\u00c7O PARA MOTOR SERIE 23\u00a0 REF SAUER DANFOSS:9230562 BIDIRECIONAL DIREITA E ESQUERDA &nbsp;<\/p>\n","protected":false},"featured_media":1610,"comment_status":"open","ping_status":"closed","template":"","meta":{"_joinchat":[]},"product_cat":[141,15],"product_tag":[],"_links":{"self":[{"href":"https:\/\/solodimixagv.com.br\/loja\/wp-json\/wp\/v2\/product\/1520"}],"collection":[{"href":"https:\/\/solodimixagv.com.br\/loja\/wp-json\/wp\/v2\/product"}],"about":[{"href":"https:\/\/solodimixagv.com.br\/loja\/wp-json\/wp\/v2\/types\/product"}],"replies":[{"embeddable":true,"href":"https:\/\/solodimixagv.com.br\/loja\/wp-json\/wp\/v2\/comments?post=1520"}],"wp:featuredmedia":[{"embeddable":true,"href":"https:\/\/solodimixagv.com.br\/loja\/wp-json\/wp\/v2\/media\/1610"}],"wp:attachment":[{"href":"https:\/\/solodimixagv.com.br\/loja\/wp-json\/wp\/v2\/media?parent=1520"}],"wp:term":[{"taxonomy":"product_cat","embeddable":true,"href":"https:\/\/solodimixagv.com.br\/loja\/wp-json\/wp\/v2\/product_cat?post=1520"},{"taxonomy":"product_tag","embeddable":true,"href":"https:\/\/solodimixagv.com.br\/loja\/wp-json\/wp\/v2\/product_tag?post=1520"}],"curies":[{"name":"wp","href":"https:\/\/api.w.org\/{rel}","templated":true}]}}