{"id":1481,"date":"2021-10-08T10:45:04","date_gmt":"2021-10-08T13:45:04","guid":{"rendered":"http:\/\/solodimixagv.com.br\/?post_type=product&#038;p=1481"},"modified":"2025-09-10T09:56:36","modified_gmt":"2025-09-10T12:56:36","slug":"alavanca-do-servo-para-betoneira","status":"publish","type":"product","link":"https:\/\/solodimixagv.com.br\/loja\/produto\/alavanca-do-servo-para-betoneira\/","title":{"rendered":"ALAVANCA DO SERVO PARA BETONEIRA"},"content":{"rendered":"<p><strong>ALAVANCA DO SERVO PARA BETONEIRA\u00a0<\/strong><\/p>\n<p><strong>APLICA\u00c7\u00c3O:<\/strong> BOMBA HIDR\u00c1ULICA SPV23 PARA BETONEIRA<\/p>\n<p><strong>REFER\u00caNCIA SAUER DANFOSS:<\/strong> 9800916<\/p>\n<p><strong>REFER\u00caNCIA CIBI:<\/strong> 110023024<\/p>\n","protected":false},"excerpt":{"rendered":"<p>ALAVANCA DO SERVO PARA BETONEIRA\u00a0 APLICA\u00c7\u00c3O: BOMBA HIDR\u00c1ULICA SPV23 PARA BETONEIRA REFER\u00caNCIA SAUER DANFOSS: 9800916 REFER\u00caNCIA CIBI: 110023024<\/p>\n","protected":false},"featured_media":1615,"comment_status":"open","ping_status":"closed","template":"","meta":{"_joinchat":[]},"product_cat":[137,141,15],"product_tag":[],"_links":{"self":[{"href":"https:\/\/solodimixagv.com.br\/loja\/wp-json\/wp\/v2\/product\/1481"}],"collection":[{"href":"https:\/\/solodimixagv.com.br\/loja\/wp-json\/wp\/v2\/product"}],"about":[{"href":"https:\/\/solodimixagv.com.br\/loja\/wp-json\/wp\/v2\/types\/product"}],"replies":[{"embeddable":true,"href":"https:\/\/solodimixagv.com.br\/loja\/wp-json\/wp\/v2\/comments?post=1481"}],"wp:featuredmedia":[{"embeddable":true,"href":"https:\/\/solodimixagv.com.br\/loja\/wp-json\/wp\/v2\/media\/1615"}],"wp:attachment":[{"href":"https:\/\/solodimixagv.com.br\/loja\/wp-json\/wp\/v2\/media?parent=1481"}],"wp:term":[{"taxonomy":"product_cat","embeddable":true,"href":"https:\/\/solodimixagv.com.br\/loja\/wp-json\/wp\/v2\/product_cat?post=1481"},{"taxonomy":"product_tag","embeddable":true,"href":"https:\/\/solodimixagv.com.br\/loja\/wp-json\/wp\/v2\/product_tag?post=1481"}],"curies":[{"name":"wp","href":"https:\/\/api.w.org\/{rel}","templated":true}]}}