{"id":1466,"date":"2021-10-07T15:09:53","date_gmt":"2021-10-07T18:09:53","guid":{"rendered":"http:\/\/solodimixagv.com.br\/?post_type=product&#038;p=1466"},"modified":"2025-09-10T10:05:23","modified_gmt":"2025-09-10T13:05:23","slug":"jogo-de-vedacao-para-bomba-spv-ppv-23","status":"publish","type":"product","link":"https:\/\/solodimixagv.com.br\/loja\/produto\/jogo-de-vedacao-para-bomba-spv-ppv-23\/","title":{"rendered":"JOGO DE VEDA\u00c7\u00c3O PARA BOMBA S\u00c9RIE SPV\/PPV 23"},"content":{"rendered":"<p><strong>JOGO DE VEDA\u00c7\u00c3O COMPLETO PARA BOMBA HIDR\u00c1ULICA SPV\/PPV23\u00a0<\/strong><\/p>\n<p><strong>APLICA\u00c7\u00c3O:<\/strong> Bombas de concreto e Betoneiras.<\/p>\n<p><strong>REF SAUER DANFOSS:<\/strong> 9510233<\/p>\n","protected":false},"excerpt":{"rendered":"<p>JOGO DE VEDA\u00c7\u00c3O COMPLETO PARA BOMBA HIDR\u00c1ULICA SPV\/PPV23\u00a0 APLICA\u00c7\u00c3O: Bombas de concreto e Betoneiras. REF SAUER DANFOSS: 9510233<\/p>\n","protected":false},"featured_media":1617,"comment_status":"open","ping_status":"closed","template":"","meta":{"_joinchat":[]},"product_cat":[141,15],"product_tag":[],"_links":{"self":[{"href":"https:\/\/solodimixagv.com.br\/loja\/wp-json\/wp\/v2\/product\/1466"}],"collection":[{"href":"https:\/\/solodimixagv.com.br\/loja\/wp-json\/wp\/v2\/product"}],"about":[{"href":"https:\/\/solodimixagv.com.br\/loja\/wp-json\/wp\/v2\/types\/product"}],"replies":[{"embeddable":true,"href":"https:\/\/solodimixagv.com.br\/loja\/wp-json\/wp\/v2\/comments?post=1466"}],"wp:featuredmedia":[{"embeddable":true,"href":"https:\/\/solodimixagv.com.br\/loja\/wp-json\/wp\/v2\/media\/1617"}],"wp:attachment":[{"href":"https:\/\/solodimixagv.com.br\/loja\/wp-json\/wp\/v2\/media?parent=1466"}],"wp:term":[{"taxonomy":"product_cat","embeddable":true,"href":"https:\/\/solodimixagv.com.br\/loja\/wp-json\/wp\/v2\/product_cat?post=1466"},{"taxonomy":"product_tag","embeddable":true,"href":"https:\/\/solodimixagv.com.br\/loja\/wp-json\/wp\/v2\/product_tag?post=1466"}],"curies":[{"name":"wp","href":"https:\/\/api.w.org\/{rel}","templated":true}]}}