{"id":1454,"date":"2021-10-06T17:08:43","date_gmt":"2021-10-06T20:08:43","guid":{"rendered":"http:\/\/solodimixagv.com.br\/?post_type=product&#038;p=1454"},"modified":"2025-09-10T09:54:05","modified_gmt":"2025-09-10T12:54:05","slug":"kit-de-pressurizacao-para-tanque-de-agua-para-betoneira","status":"publish","type":"product","link":"https:\/\/solodimixagv.com.br\/loja\/produto\/kit-de-pressurizacao-para-tanque-de-agua-para-betoneira\/","title":{"rendered":"KIT DE PRESSURIZA\u00c7\u00c3O BETONEIRA"},"content":{"rendered":"<p><strong>Kit de pressuriza\u00e7\u00e3o do tanque de \u00e1gua intercambi\u00e1vel para qualquer modelo de betoneira.<\/strong><\/p>\n<p>Modelos suger\u00edveis a aplica\u00e7\u00e3o: Liebherr\/Siti\/Cibi\/Schwing \/Convicta<\/p>\n<p>&nbsp;<\/p>\n","protected":false},"excerpt":{"rendered":"<p>Kit de pressuriza\u00e7\u00e3o do tanque de \u00e1gua intercambi\u00e1vel para qualquer modelo de betoneira. Modelos suger\u00edveis a aplica\u00e7\u00e3o: Liebherr\/Siti\/Cibi\/Schwing \/Convicta &nbsp;<\/p>\n","protected":false},"featured_media":1455,"comment_status":"open","ping_status":"closed","template":"","meta":{"_joinchat":[]},"product_cat":[137,15],"product_tag":[],"_links":{"self":[{"href":"https:\/\/solodimixagv.com.br\/loja\/wp-json\/wp\/v2\/product\/1454"}],"collection":[{"href":"https:\/\/solodimixagv.com.br\/loja\/wp-json\/wp\/v2\/product"}],"about":[{"href":"https:\/\/solodimixagv.com.br\/loja\/wp-json\/wp\/v2\/types\/product"}],"replies":[{"embeddable":true,"href":"https:\/\/solodimixagv.com.br\/loja\/wp-json\/wp\/v2\/comments?post=1454"}],"wp:featuredmedia":[{"embeddable":true,"href":"https:\/\/solodimixagv.com.br\/loja\/wp-json\/wp\/v2\/media\/1455"}],"wp:attachment":[{"href":"https:\/\/solodimixagv.com.br\/loja\/wp-json\/wp\/v2\/media?parent=1454"}],"wp:term":[{"taxonomy":"product_cat","embeddable":true,"href":"https:\/\/solodimixagv.com.br\/loja\/wp-json\/wp\/v2\/product_cat?post=1454"},{"taxonomy":"product_tag","embeddable":true,"href":"https:\/\/solodimixagv.com.br\/loja\/wp-json\/wp\/v2\/product_tag?post=1454"}],"curies":[{"name":"wp","href":"https:\/\/api.w.org\/{rel}","templated":true}]}}