{"id":1432,"date":"2021-07-16T16:44:28","date_gmt":"2021-07-16T19:44:28","guid":{"rendered":"http:\/\/solodimixagv.com.br\/?post_type=product&#038;p=1432"},"modified":"2025-09-10T09:54:37","modified_gmt":"2025-09-10T12:54:37","slug":"cartucho-de-filtro-wam-para-silotop","status":"publish","type":"product","link":"https:\/\/solodimixagv.com.br\/loja\/produto\/cartucho-de-filtro-wam-para-silotop\/","title":{"rendered":"CARTUCHO DE FILTRO WAM PARA SILOTOP"},"content":{"rendered":"<p><strong>CODIGO WAM:<\/strong>\u00a0 KFEW3001PHVE<\/p>\n<p>ESSES ELEMENTOS S\u00c3O VENDIDOS PARA O SILOTOP DE 4 E 7 CARTUCHOS<\/p>\n<p><strong>OBS:<\/strong> CONHECIDO COMO COLMEIA<\/p>\n","protected":false},"excerpt":{"rendered":"<p><strong>Cartuchos elementos para troca de silotops wam.<\/strong><br \/>\n<strong>aplica\u00e7\u00e3o 14 M\u00b2<\/strong> = 4 cartuchos elementos<br \/>\n<strong>aplica\u00e7\u00e3o 24,5 M\u00b2<\/strong> = 7 cartuchos elementos<\/p>\n<p><strong>Desempenho:<\/strong><br \/>\n<strong>1)<\/strong> aumento da \u00e1rea de filtra\u00e7\u00e3o com melhor desempenho no silotop<br \/>\n<strong>2)<\/strong>Espa\u00e7amento largo para facilidade na limpeza do silotops.<br \/>\n<strong>3)<\/strong>Boa resist\u00eancia \u00e0 abras\u00e3o e desgaste<br \/>\n<strong>4)<\/strong>instala\u00e7\u00e3o f\u00e1cil e pratica<\/p>\n<p><strong>tipo de material:<\/strong> polypleat<\/p>\n<p>&nbsp;<\/p>\n","protected":false},"featured_media":1433,"comment_status":"open","ping_status":"closed","template":"","meta":{"_joinchat":[]},"product_cat":[138,139,15],"product_tag":[],"_links":{"self":[{"href":"https:\/\/solodimixagv.com.br\/loja\/wp-json\/wp\/v2\/product\/1432"}],"collection":[{"href":"https:\/\/solodimixagv.com.br\/loja\/wp-json\/wp\/v2\/product"}],"about":[{"href":"https:\/\/solodimixagv.com.br\/loja\/wp-json\/wp\/v2\/types\/product"}],"replies":[{"embeddable":true,"href":"https:\/\/solodimixagv.com.br\/loja\/wp-json\/wp\/v2\/comments?post=1432"}],"wp:featuredmedia":[{"embeddable":true,"href":"https:\/\/solodimixagv.com.br\/loja\/wp-json\/wp\/v2\/media\/1433"}],"wp:attachment":[{"href":"https:\/\/solodimixagv.com.br\/loja\/wp-json\/wp\/v2\/media?parent=1432"}],"wp:term":[{"taxonomy":"product_cat","embeddable":true,"href":"https:\/\/solodimixagv.com.br\/loja\/wp-json\/wp\/v2\/product_cat?post=1432"},{"taxonomy":"product_tag","embeddable":true,"href":"https:\/\/solodimixagv.com.br\/loja\/wp-json\/wp\/v2\/product_tag?post=1432"}],"curies":[{"name":"wp","href":"https:\/\/api.w.org\/{rel}","templated":true}]}}